divided by 48145?
44
What is the remainder when 2701453 is divided by 171?
166
Calculate the remainder when 153162 is divided by 19136.
74
What is the remainder when 416336 is divided by 138689?
269
What is the remainder when 3082016 is divided by 123280?
16
What is the remainder when 388346 is divided by 38413?
4216
Calculate the remainder when 1704155 is divided by 1342.
1157
What is the remainder when 10077466 is divided by 2015454?
196
What is the remainder when 1179861 is divided by 346?
1
What is the remainder when 183908 is divided by 2114?
2104
Calculate the remainder when 10434313 is divided by 1045.
1033
What is the remainder when 79252 is divided by 7807?
1182
What is the remainder when 1060812 is divided by 945?
522
What is the remainder when 30510692 is divided by 52155?
17
Calculate the remainder when 97813 is divided by 13971.
16
What is the remainder when 21466297 is divided by 143?
138
Calculate the remainder when 4074095 is divided by 59913.
11
Calculate the remainder when 134864 is divided by 3283.
261
Calculate the remainder when 18645834 is divided by 456.
450
What is the remainder when 96101 is divided by 44?
5
Calculate the remainder when 521185379 is divided by 35.
29
Calculate the remainder when 4553 is divided by 4374.
179
What is the remainder when 749100 is divided by 249694?
18
What is the remainder when 736410 is divided by 1696?
346
Calculate the remainder when 26362192 is divided by 8787278.
358
Calculate the remainder when 16072363 is divided by 44.
43
What is the remainder when 404076 is divided by 4?
0
What is the remainder when 7932752 is divided by 241?
237
Calculate the remainder when 70115470 is divided by 3138.
3136
What is the remainder when 3824625 is divided by 130?
25
What is the remainder when 2017500 is divided by 54527?
1
What is the remainder when 1022 is divided by 1007?
15
Calculate the remainder when 234892963 is divided by 9.
1
What is the remainder when 99591 is divided by 10963?
924
What is the remainder when 12691 is divided by 2201?
1686
What is the remainder when 30169786 is divided by 96698?
10
What is the remainder when 81658245 is divided by 26?
19
Calculate the remainder when 29199615 is divided by 2872.
2863
Calculate the remainder when 790729 is divided by 545.
479
What is the remainder when 5040226 is divided by 797?
795
Calculate the remainder when 758915 is divided by 758624.
291
Calculate the remainder when 647062 is divided by 71894.
16
What is the remainder when 118135 is divided by 355?
275
What is the remainder when 4571978 is divided by 238?
236
Calculate the remainder when 16176868 is divided by 951565.
263
Calculate the remainder when 2235024 is divided by 11288.
0
Calculate the remainder when 179988 is divided by 1374.
1368
What is the remainder when 418605 is divided by 418586?
19
Calculate the remainder when 4683 is divided by 4141.
542
What is the remainder when 683753 is divided by 2620?
2553
What is the remainder when 25903622 is divided by 275?
272
Calculate the remainder when 77322 is divided by 38543.
236
Calculate the remainder when 5458318 is divided by 54.
52
What is the remainder when 414651 is divided by 3544?
3
What is the remainder when 77153 is divided by 25490?
683
Calculate the remainder when 17112111 is divided by 462488.
55
Calculate the remainder when 1964679 is divided by 66.
57
What is the remainder when 199602 is divided by 3441?
24
What is the remainder when 211197 is divided by 394?
13
What is the remainder when 36736008 is divided by 140?
8
Calculate the remainder when 694225 is divided by 170864.
10769
Calculate the remainder when 7307597 is divided by 326.
307
What is the remainder when 319646 is divided by 45?
11
What is the remainder when 804365 is divided by 84?
65
What is the remainder when 298620 is divided by 12422?
492
Calculate the remainder when 105304 is divided by 434.
276
What is the remainder when 5773961 is divided by 34?
13
Calculate the remainder when 1765472 is divided by 2733.
2687
What is the remainder when 75564807 is divided by 1644?
1635
What is the remainder when 19581635 is divided by 7059?
7028
Calculate the remainder when 299021 is divided by 3301.
1931
Calculate the remainder when 13910886 is divided by 1391083.
56
What is the remainder when 622380 is divided by 155592?
12
Calculate the remainder when 5463 is divided by 821.
537
Calculate the remainder when 69650228 is divided by 127.
126
Calculate the remainder when 20911 is divided by 10080.
751
What is the remainder when 335277 is divided by 1154?
617
What is the remainder when 7263 is divided by 6886?
377
What is the remainder when 59905762 is divided by 1800?
1762
What is the remainder when 17688444 is divided by 972?
960
What is the remainder when 326891 is divided by 29678?
433
What is the remainder when 2210812 is divided by 18422?
172
Calculate the remainder when 38768 is divided by 18994.
780
What is the remainder when 10633517 is divided by 25?
17
Calculate the remainder when 42212 is divided by 21053.
106
Calculate the remainder when 110649885 is divided by 12294430.
15
What is the remainder when 720808 is divided by 1877?
40
Calculate the remainder when 114380 is divided by 7599.
395
What is the remainder when 11844010 is divided by 17625?
10
What is the remainder when 19178 is divided by 9212?
754
Calculate the remainder when 14752705 is divided by 104.
97
Calculate the remainder when 63160 is divided by 62969.
191
What is the remainder when 5729916 is divided by 417?
336
What is the remainder when 20654771 is divided by 8040?
11
What is the remainder when 10203189 is divided by 66?
51
What is the remainder when 71213 is divided by 200?
13
Calculate the remainder when 18635148 is divided by 22.
4
Calculate the remainder when 2138670 is divided by 1270.
1260
Calculate the remainder when 104960 is divided by 395.
285
What is the remainder when 86434570 is divided by 445?
440
Calculate the remainder when 18902 is divided by 6038.
788
Calculate the remainder when 106763 is divided by 4852.
19
What is the remainder when 3608247 is divided by 1662?
45
What is the remainder when 3186050 is divided by 32182?
32
Calculate the remainder when 161996 is divided by 160465.
1531
Calculate the remainder when 2349381 is divided by 54632.
205
What is the remainder when 1739562 is divided by 106?
102
Calculate the remainder when 610695 is divided by 133.
92
What is the remainder when 12949956 is divided by 8296?
8196
What is the remainder when 6111217 is divided by 737?
13
What is the remainder when 89584 is divided by 17899?
89
What is the remainder when 144797 is divided by 2862?
1697
Calculate the remainder when 1521073 is divided by 2099.
1397
What is the remainder when 49989543 is divided by 18?
15
What is the remainder when 4315447 is divided by 9066?
31
What is the remainder when 128938 is divided by 1438?
956
What is the remainder when 2025072 is divided by 88045?
37
Calculate the remainder when 20006321 is divided by 5001577.
13
Calculate the remainder when 3925469 is divided by 560775.
44
What is the remainder when 112540 is divided by 526?
502
Calculate the remainder when 46159 is divided by 10993.
2187
What is the remainder when 810473 is divided by 405150?
173
What is the remainder when 14917696 is divided by 1421?
38
Calculate the remainder when 2722516 is divided by 6132.
6040
Calculate the remainder when 11851 is divided by 8362.
3489
What is the remainder when 13574124 is divided by 179?
17
What is the remainder when 445659 is divided by 3979?
11
Calculate the remainder when 3307059 is divided by 17135.
4
Calculate the remainder when 629698 is divided by 314795.
108
Calculate the remainder when 144386 is divided by 13241.
11976
What is the remainder when 256060 is divided by 400?
60
Calculate the remainder when 515756 is divided by 6697.
87
What is the remainder when 7790696 is divided by 491?
490
Calculate the remainder when 296845 is divided by 331.
269
Calculate the remainder when 1704866 is divided by 1704736.
130
Calculate the remainder when 24433050 is divided by 12216512.
26
Calculate the remainder when 257691 is divided by 749.
35
What is the remainder when 99561 is divided by 743?
742
Calculate the remainder when 574847 is divided by 1105